 prime?
True
Is 4007 composite?
False
Is 52963 prime?
True
Is 13289 a composite number?
True
Is 591943 composite?
True
Is 12829 prime?
True
Is 5437 composite?
False
Is 1351 a composite number?
True
Is 20063 a prime number?
True
Is 50327 prime?
False
Is 1673 prime?
False
Is 637337 composite?
False
Is 734 prime?
False
Is 90929 a prime number?
False
Is 553171 a prime number?
True
Is 2851 composite?
False
Is 4258 a composite number?
True
Is 42649 a composite number?
False
Is 602347 composite?
True
Is 445829 composite?
False
Is 352421 a composite number?
False
Is 2935 prime?
False
Is 21467 composite?
False
Is 72287 a composite number?
False
Is 31813 a prime number?
False
Is 65971 a composite number?
True
Is 635 prime?
False
Is 367901 prime?
False
Is 102623 a prime number?
False
Is 19919 a composite number?
False
Is 659317 a prime number?
True
Is 1513 prime?
False
Is 61717 composite?
False
Is 416219 prime?
True
Is 41927 composite?
False
Is 123869 a composite number?
True
Is 18839 prime?
True
Is 11513 prime?
False
Is 97655 a composite number?
True
Is 188729 composite?
False
Is 5179 a prime number?
True
Is 12287 prime?
False
Is 12533 composite?
True
Is 327793 composite?
True
Is 621329 prime?
False
Is 487 prime?
True
Is 101203 composite?
False
Is 113303 a prime number?
False
Is 100981 prime?
True
Is 74 composite?
True
Is 63419 a prime number?
True
Is 150691 a prime number?
False
Is 86803 composite?
True
Is 460111 a composite number?
False
Is 7981 composite?
True
Is 43863 a prime number?
False
Is 24995 composite?
True
Is 496274 prime?
False
Is 34171 prime?
True
Is 69593 prime?
True
Is 355193 a prime number?
True
Is 162931 prime?
False
Is 7121 a composite number?
False
Is 25057 prime?
True
Is 24281 a prime number?
True
Is 32183 prime?
True
Is 168127 a composite number?
False
Is 4373 composite?
False
Is 62791 a prime number?
True
Is 38231 composite?
False
Is 10559 prime?
True
Is 1881967 a prime number?
False
Is 1879921 composite?
False
Is 177883 a composite number?
False
Is 38039 composite?
False
Is 400955 a prime number?
False
Is 14843 a composite number?
False
Is 164911 composite?
False
Is 893477 composite?
True
Is 8899 a prime number?
False
Is 4811 composite?
True
Is 148543 prime?
False
Is 1549801 a prime number?
False
Is 7309 a prime number?
True
Is 629 composite?
True
Is 11027 prime?
True
Is 216047 a prime number?
False
Is 74581 prime?
False
Is 1103 a composite number?
False
Is 8839 prime?
True
Is 16571 a composite number?
True
Is 2888605 composite?
True
Is 526817 composite?
True
Is 3581 prime?
True
Is 1679317 a prime number?
False
Is 472273 prime?
True
Is 46087 a prime number?
False
Is 221941 a prime number?
True
Is 7313 a composite number?
True
Is 223823 prime?
True
Is 1983719 a composite number?
True
Is 4271 a prime number?
True
Is 19309 a prime number?
True
Is 233 a prime number?
True
Is 8419 a prime number?
True
Is 1655 prime?
False
Is 3293 a prime number?
False
Is 40231 composite?
False
Is 254323 prime?
False
Is 35071 a composite number?
True
Is 26 prime?
False
Is 343835 a prime number?
False
Is 21851 composite?
False
Is 53047 prime?
True
Is 803 a prime number?
False
Is 397 a prime number?
True
Is 958 prime?
False
Is 409583 prime?
False
Is 20771 a composite number?
False
Is 46967 composite?
True
Is 73693 composite?
False
Is 507335 composite?
True
Is 75265 prime?
False
Is 6773 prime?
False
Is 141781 a prime number?
False
Is 88139 a prime number?
False
Is 2300273 a composite number?
True
Is 18826 composite?
True
Is 41863 prime?
True
Is 432859 prime?
False
Is 1399 a composite number?
False
Is 15517 a composite number?
True
Is 1109053 composite?
True
Is 9571 a composite number?
True
Is 14143 a prime number?
True
Is 16771 prime?
False
Is 501185 a prime number?
False
Is 11383 a composite number?
False
Is 408311 prime?
True
Is 811751 a composite number?
True
Is 262811 prime?
False
Is 3593 a composite number?
False
Is 169241 a prime number?
True
Is 6311 a composite number?
False
Is 31357 a composite number?
False
Is 10195 a prime number?
False
Is 5273 prime?
True
Is 34123 a composite number?
False
Is 142421 a composite number?
False
Is 2815963 prime?
True
Is 201293 a composite number?
True
Is 360959 a prime number?
True
Is 1211 a composite number?
True
Is 11467 a prime number?
True
Is 3739 composite?
False
Is 244997 composite?
False
Is 69013 a composite number?
True
Is 33197 a prime number?
False
Is 1302423 a composite number?
True
Is 2019989 prime?
False
Is 317 prime?
True
Is 2764743 composite?
True
Is 785 a composite number?
True
Is 403 a composite number?
True
Is 170615 a composite number?
True
Is 5755 composite?
True
Is 31357 prime?
True
Is 6287 composite?
False
Is 124111 prime?
False
Is 26927 a prime number?
True
Is 191489 prime?
False
Is 11519 a composite number?
False
Is 1137 a composite number?
True
Is 112799 composite?
False
Is 23811 a prime number?
False
Is 70291 composite?
True
Is 585461 prime?
True
Is 48359 prime?
False
Is 2186 composite?
True
Is 151297 composite?
True
Is 29591 prime?
False
Is 2897 composite?
False
Is 524203 prime?
True
Is 23017 prime?
True
Is 1436383 a prime number?
False
Is 3041 a prime number?
True
Is 181871 composite?
False
Is 1445161 a prime number?
True
Is 232537 composite?
True
Is 58543 a prime number?
True
Is 213343 prime?
False
Is 25427 a prime number?
False
Is 88211 a composite number?
False
Is 6599 composite?
False
Is 138727 a prime number?
True
Is 8179 a composite number?
False
Is 913247 a composite number?
False
Is 343021 prime?
False
Is 86981 prime?
True
Is 694502 a prime number?
False
Is 37445 prime?
False
Is 32467 a composite number?
False
Is 11722 a composite number?
True
Is 100907 prime?
True
Is 4139 composite?
False
Is 20749 composite?
False
Is 158393 a composite number?
False
Is 13577 composite?
False
Is 391447 a prime number?
False
Is 34171 a prime number?
True
Is 8999 a prime number?
True
Is 154153 a composite number?
False
Is 2995 a composite number?
True
Is 7151 prime?
True
Is 651409 prime?
False
Is 1161677 a prime number?
False
Is 7981 a composite number?
True
Is 281717 prime?
True
Is 1793 prime?
False
Is 4406 composite?
True
Is 12451 prime?
True
Is 115871 a composite number?
True
Is 33169 a prime number?
False
Is 59069 composite?
False
Is 1637 composite?
False
Is 177249 prime?
False
Is 1537 prime?
False
Is 87 a prime number?
False
Is 64451 composite?
False
Is 30563 prime?
False
Is 12949 prime?
False
Is 68703 a prime number?
False
Is 6841 a prime number?
True
Is 18929 prime?
False
Is 10123 prime?
False
Is 45613 a prime number?
True
Is 2978 composite?
True
Is 34171 a composite number?
False
Is 82439 composite?
True
Is 788677 a prime number?
True
Is 120811 a prime number?
True
Is 31363 prime?
False
Is 6547 a prime number?
True
Is 2437 a prime number?
True
Is 6529 a composite number?
False
Is 71089 a composite number?
False
Is 6761 a composite number?
False
Is 51433 a composite number?
True
Is 446119 a composite number?
True
Is 7166749 composite?
False
Is 15185 prime?
False
Is 1974827 composite?
True
Is 1318 a prime number?
False
Is 39511 a composite number?
False
Is 401903 prime?
True
Is 20021 a prime number?
True
Is 654671 prime?
True
Is 19181 a prime number?
True
Is 2771 composite?
True
Is 16033 a prime number?
True
Is 280777 composite?
True
Is 297133 composite?
False
Is 363631 prime?
False
Is 106903 a prime number?
True
Is 217111 a composite number?
False
Is 152291 prime?
False
Is 224881 a composite number?
False
Is 57637 composite?
False
Is 336001 composite?
True
Is 13247 prime?
False
Is 59695 a prime number?
False
Is 36973 prime?
True
Is 13773 prime?
False
Is 120467 prime?
False
Is 45757 a composite number?
False
Is 1257773 composite?
True
Is 97201 prime?
False
Is 10481 prime?
False
Is 407 a composite number?
True
Is 49535 composite?
True
Is 3821 prime?
True
Is 399353 a composite number?
False
Is 803 composite?
True
Is 1395407 composite?
True
Is 36433 a composite number?
False
Is 78941 a composite number?
False
Is 700773 prime?
False
Is 1195 composite?
True
Is 53419 a composite number?
False
Is 28751 composite?
False
Is 14737 a prime number?
True
Is 48631 composite?
True
Is 20005 composite?
True
Is 1287197 a composite number?
False
Is 306121 a composite number?
False
Is 331127 composite?
Fal